est common factor of 11389835 and 19.
19
What is the greatest common divisor of 1570 and 11620?
10
Calculate the highest common divisor of 943507 and 351163.
433
Calculate the greatest common factor of 5887020 and 120.
60
Calculate the greatest common divisor of 1990 and 811560.
10
Calculate the highest common factor of 32385 and 696881.
17
What is the greatest common factor of 706 and 87785452?
706
Calculate the highest common factor of 9369123 and 498.
249
Calculate the highest common divisor of 17668 and 4924324.
2524
Calculate the highest common divisor of 1210945 and 1016.
127
Calculate the greatest common factor of 1133 and 273944.
11
What is the highest common factor of 20097350 and 3900?
650
Calculate the greatest common divisor of 43291808 and 98.
14
What is the highest common divisor of 11001870 and 6930?
990
What is the greatest common divisor of 1145 and 45174372?
229
What is the highest common divisor of 6652282 and 8554?
182
What is the greatest common divisor of 10040 and 3200?
40
What is the highest common divisor of 25494690 and 20?
10
What is the highest common factor of 984 and 8665432?
328
What is the highest common factor of 196010093 and 1874?
937
What is the highest common factor of 3192552 and 8022663?
13761
What is the greatest common divisor of 8664975 and 3075?
75
Calculate the greatest common factor of 108670 and 112510.
10
Calculate the greatest common factor of 389872 and 1274.
14
Calculate the greatest common factor of 258145 and 5236.
17
Calculate the highest common divisor of 215 and 62155.
5
Calculate the greatest common divisor of 9590320 and 90770.
3130
What is the greatest common divisor of 3577 and 137396?
49
Calculate the greatest common divisor of 8249367 and 28.
7
Calculate the greatest common divisor of 548496 and 170352.
1872
What is the highest common factor of 2405 and 25?
5
What is the highest common factor of 70785 and 13007280?
2145
Calculate the highest common divisor of 99016419 and 67.
67
Calculate the greatest common divisor of 430223 and 1038061.
3947
Calculate the highest common factor of 343723827 and 9.
3
What is the highest common divisor of 44265 and 39045135?
3405
What is the highest common factor of 106938 and 65574?
18
Calculate the greatest common divisor of 118720 and 46480.
560
What is the greatest common factor of 2003 and 217383587?
2003
Calculate the highest common factor of 11388 and 24718530.
438
What is the greatest common divisor of 205746 and 8055150?
3882
What is the greatest common divisor of 10 and 183778680?
10
What is the highest common divisor of 900 and 14097900?
300
What is the highest common divisor of 3168 and 80977644?
396
What is the highest common divisor of 285 and 54452613?
57
Calculate the greatest common divisor of 5746 and 346963591.
2873
Calculate the highest common divisor of 776 and 235109376.
776
Calculate the highest common divisor of 35 and 161147.
7
Calculate the highest common factor of 78 and 523088.
2
Calculate the highest common factor of 601 and 160448369.
601
Calculate the highest common factor of 1429868450 and 2650.
2650
Calculate the highest common divisor of 697639 and 9328.
53
What is the greatest common factor of 8879344 and 288?
16
Calculate the highest common factor of 1555786 and 738.
82
Calculate the highest common divisor of 114 and 395335.
1
What is the highest common factor of 383376 and 33026?
98
Calculate the highest common divisor of 1151839080 and 3060.
3060
What is the greatest common divisor of 18882 and 10611?
9
Calculate the greatest common factor of 35302416 and 72.
24
What is the greatest common factor of 650300 and 1722700?
700
Calculate the greatest common factor of 271744 and 342672.
176
Calculate the highest common divisor of 8776736 and 467423.
3863
What is the highest common factor of 3614 and 173088916?
3614
Calculate the highest common divisor of 40755 and 32111805.
3135
Calculate the greatest common divisor of 3484 and 35364074.
134
What is the highest common divisor of 309236 and 1154056?
3188
What is the highest common divisor of 141697120 and 20?
20
What is the highest common factor of 21648 and 193908?
132
Calculate the greatest common divisor of 129 and 70921405.
43
What is the greatest common divisor of 16962307 and 1083?
361
What is the highest common factor of 180459 and 17775?
9
What is the greatest common divisor of 775630 and 20?
10
Calculate the highest common divisor of 120 and 40474870.
10
Calculate the greatest common factor of 44 and 6171847.
11
What is the greatest common divisor of 3128 and 10474856?
136
What is the highest common factor of 7498 and 146888102?
326
Calculate the greatest common factor of 10133008 and 1088.
16
Calculate the greatest common factor of 3176 and 119914644.
1588
What is the highest common divisor of 79808339 and 247?
13
Calculate the highest common divisor of 14850 and 2498850.
1350
What is the highest common divisor of 20260 and 8505?
5
Calculate the highest common factor of 1048432 and 484.
44
What is the highest common factor of 14375 and 943?
23
What is the greatest common factor of 1424 and 3972688?
16
What is the highest common divisor of 62460 and 36000?
180
Calculate the greatest common divisor of 74 and 8106071.
37
What is the highest common factor of 4480 and 18244240?
560
What is the greatest common divisor of 54432 and 2693088?
2592
Calculate the highest common divisor of 310 and 24133810.
310
What is the greatest common divisor of 23934910 and 210466?
4478
What is the greatest common factor of 11 and 78619530?
11
Calculate the highest common divisor of 15 and 133718835.
15
What is the greatest common divisor of 2396428 and 2468?
2468
What is the greatest common divisor of 69560 and 3997820?
940
What is the greatest common divisor of 6542019 and 132?
33
What is the greatest common factor of 47 and 669972733?
47
What is the greatest common factor of 4872522 and 522?
174
Calculate the greatest common divisor of 402712 and 29536.
568
Calculate the greatest common divisor of 107020 and 3356.
4
Calculate the highest common factor of 300 and 68187550.
50
What is the greatest common divisor of 188150 and 2836825?
1325
What is the greatest common factor of 6425 and 154925?
25
Calculate the highest common factor of 79483899 and 33.
33
Calculate the highest common factor of 175078365 and 1155.
1155
What is the greatest common divisor of 23565568 and 2328?
776
Calculate the greatest common factor of 156680 and 2275.
5
Calculate the highest common factor of 32 and 2824392.
8
What is the highest common factor of 2983881082 and 364?
182
What is the greatest common divisor of 258856 and 3858998?
3406
What is the highest common factor of 32161 and 575737?
29
What is the highest common divisor of 2491975 and 200?
25
Calculate the greatest common divisor of 343578 and 1022790.
1986
Calculate the greatest common factor of 1594697 and 482.
241
Calculate the greatest common divisor of 39805080 and 264.
24
Calculate the greatest common divisor of 1159 and 9861016.
61
What is the highest common divisor of 72803640 and 16380?
5460
Calculate the highest common divisor of 22534 and 132962.
38
What is the greatest common factor of 552 and 11279292?
276
Calculate the greatest common divisor of 3143579 and 1770.
59
Calculate the greatest common factor of 18 and 11645397.
9
Calculate the greatest common divisor of 3048 and 214108792.
1016
Calculate the greatest common factor of 1710670820 and 14480.
3620
Calculate the greatest common factor of 1278184 and 64.
8
Calculate the highest common factor of 158698875 and 75.
75
Calculate the highest common factor of 25308 and 104076.
36
What is the highest common divisor of 1999009 and 19?
19
What is the highest common factor of 39 and 75780627?
39
What is the greatest common divisor of 709 and 75429801?
709
Calculate the greatest common divisor of 10117050 and 14025.
75
Calculate the highest common factor of 21597 and 201273.
69
Calculate the highest common factor of 273 and 18335331.
21
What is the highest common factor of 66801620 and 3560?
1780
Calculate the greatest common factor of 40 and 30359480.
40
Calculate the greatest common divisor of 857667 and 43282.
1139
What is the highest common divisor of 189956 and 1274767?
169
Calcul